59333 composite?
False
Is 32489 composite?
True
Is 1104431 a prime number?
True
Is 132103 composite?
False
Is 430403 prime?
False
Is 13346 a prime number?
False
Is 541453 a prime number?
False
Is 88853 a prime number?
True
Is 36671 prime?
True
Is 1043323 composite?
False
Is 438377 prime?
True
Is 302261 prime?
True
Is 397 a prime number?
True
Is 18931 a prime number?
False
Is 47914 a composite number?
True
Is 1678 prime?
False
Is 245345 a prime number?
False
Is 649367 prime?
False
Is 18427 composite?
False
Is 3172409 prime?
False
Is 117281 a prime number?
True
Is 38279 a composite number?
True
Is 244393 prime?
True
Is 7783 prime?
False
Is 276005 a composite number?
True
Is 2205365 a prime number?
False
Is 3709 prime?
True
Is 1077821 a composite number?
False
Is 10007 a composite number?
False
Is 50989 composite?
False
Is 13171 a prime number?
True
Is 10559 a composite number?
False
Is 10765 a prime number?
False
Is 117037 a prime number?
True
Is 49391 prime?
True
Is 5501 composite?
False
Is 134611 composite?
True
Is 83438 a composite number?
True
Is 2473 composite?
False
Is 71243 a prime number?
False
Is 3203 prime?
True
Is 2798 prime?
False
Is 44087 a prime number?
True
Is 2472077 a prime number?
True
Is 67841 prime?
False
Is 2050813 a composite number?
False
Is 615991 a composite number?
True
Is 48103 prime?
False
Is 38666 a prime number?
False
Is 8929 prime?
True
Is 215 composite?
True
Is 4141 a prime number?
False
Is 1264631 prime?
False
Is 10007 composite?
False
Is 9733 a composite number?
False
Is 259 prime?
False
Is 27043 a composite number?
False
Is 130391 a composite number?
True
Is 487211 a composite number?
False
Is 13309 a composite number?
False
Is 507743 prime?
True
Is 40879 a composite number?
False
Is 199669 composite?
False
Is 33819 a prime number?
False
Is 54887 a composite number?
True
Is 185083 a prime number?
False
Is 12569 a composite number?
False
Is 673363 prime?
False
Is 22937 a prime number?
True
Is 68707 composite?
True
Is 42934 composite?
True
Is 99065 a prime number?
False
Is 2333 composite?
False
Is 300557 a prime number?
True
Is 27323 a prime number?
False
Is 18737 a prime number?
False
Is 374107 a prime number?
False
Is 445539 a prime number?
False
Is 12147 composite?
True
Is 175451 composite?
True
Is 78689 a composite number?
True
Is 810653 prime?
True
Is 8807 composite?
False
Is 2931 prime?
False
Is 91 a composite number?
True
Is 327169 a prime number?
False
Is 22787 a prime number?
True
Is 1266451 a composite number?
False
Is 20841 composite?
True
Is 83177 composite?
False
Is 624961 a prime number?
True
Is 499259 a prime number?
False
Is 46993 composite?
False
Is 8692835 a composite number?
True
Is 252079 prime?
True
Is 46181 a composite number?
False
Is 1097 composite?
False
Is 10741 prime?
False
Is 941117 composite?
False
Is 7283 a prime number?
True
Is 7327 composite?
True
Is 9115 prime?
False
Is 17777 composite?
True
Is 10037 a composite number?
False
Is 261959 a prime number?
True
Is 4373 prime?
True
Is 9983 prime?
False
Is 389507 composite?
False
Is 56311 composite?
False
Is 211529 prime?
False
Is 1651 composite?
True
Is 841 composite?
True
Is 11657 composite?
False
Is 66311 a composite number?
True
Is 29083 a prime number?
False
Is 3314 a composite number?
True
Is 49591 a prime number?
False
Is 209563 a composite number?
False
Is 1590899 a prime number?
False
Is 113537 composite?
False
Is 89153 a prime number?
True
Is 209851 composite?
False
Is 270001 prime?
True
Is 25561 a composite number?
False
Is 77179 prime?
False
Is 5501 prime?
True
Is 57943 composite?
False
Is 48157 a prime number?
True
Is 4391 a prime number?
True
Is 67435 a prime number?
False
Is 28909 a composite number?
False
Is 111821 composite?
False
Is 348077 a composite number?
False
Is 112587 a prime number?
False
Is 4007 prime?
True
Is 263 prime?
True
Is 27411 prime?
False
Is 125329 a composite number?
False
Is 435431 a prime number?
False
Is 2599 composite?
True
Is 3251 composite?
False
Is 5507341 a prime number?
False
Is 14901 a composite number?
True
Is 186619 a composite number?
False
Is 1470281 prime?
True
Is 1005089 composite?
True
Is 218774 composite?
True
Is 11171 composite?
False
Is 2609 prime?
True
Is 1313141 prime?
True
Is 1397 composite?
True
Is 582914 a prime number?
False
Is 292901 prime?
False
Is 1063891 a composite number?
False
Is 60317 composite?
False
Is 915947 a prime number?
True
Is 39359 a prime number?
True
Is 24511 a composite number?
True
Is 5571271 a prime number?
True
Is 26821 composite?
False
Is 231373 a prime number?
False
Is 48751 prime?
True
Is 1397 composite?
True
Is 145507 composite?
True
Is 344357 prime?
False
Is 378883 a composite number?
False
Is 242615 composite?
True
Is 29894 composite?
True
Is 16969 a composite number?
True
Is 6031 a composite number?
True
Is 11183 prime?
False
Is 13649 prime?
True
Is 91231 composite?
True
Is 5998 composite?
True
Is 939347 a composite number?
False
Is 6001 a composite number?
True
Is 2333 a prime number?
True
Is 55983 a composite number?
True
Is 5227 composite?
False
Is 83705 a composite number?
True
Is 31177 prime?
True
Is 15149 a composite number?
False
Is 138101 a composite number?
False
Is 190709 a composite number?
False
Is 10897 prime?
False
Is 2334823 prime?
True
Is 51293 a composite number?
True
Is 230091 prime?
False
Is 71317 a composite number?
False
Is 112165 composite?
True
Is 13571 a prime number?
False
Is 27673 a composite number?
False
Is 58673 composite?
True
Is 428057 composite?
True
Is 10313 prime?
True
Is 15193 prime?
True
Is 2877323 a composite number?
True
Is 587 prime?
True
Is 321353 a composite number?
True
Is 613 prime?
True
Is 130003 prime?
True
Is 6469 composite?
False
Is 31063 prime?
True
Is 137771 a composite number?
False
Is 3557 a composite number?
False
Is 378919 composite?
False
Is 55849 composite?
False
Is 815621 a composite number?
False
Is 13173 prime?
False
Is 1493441 composite?
False
Is 147659 a prime number?
False
Is 684683 composite?
False
Is 4111 composite?
False
Is 116843 prime?
False
Is 3669 composite?
True
Is 39917 a prime number?
False
Is 314299 prime?
True
Is 219151 prime?
False
Is 50187 composite?
True
Is 900623 a prime number?
True
Is 66673 a composite number?
True
Is 13021 a composite number?
True
Is 9365783 composite?
True
Is 199009 a composite number?
True
Is 4759 composite?
False
Is 2159645 prime?
False
Is 615715 a prime number?
False
Is 2153 a composite number?
False
Is 25439 a prime number?
True
Is 1552721 a prime number?
False
Is 8651 a prime number?
False
Is 51583 composite?
True
Is 153327 composite?
True
Is 13739 prime?
False
Is 490559 a prime number?
True
Is 180907 prime?
True
Is 1184021 a composite number?
True
Is 4717 a prime number?
False
Is 1735 composite?
True
Is 10771 composite?
False
Is 69171 composite?
True
Is 545609 composite?
False
Is 32117 prime?
True
Is 96343 prime?
False
Is 2338667 a prime number?
True
Is 124205 composite?
True
Is 1633 a composite number?
True
Is 41077 a composite number?
False
Is 7183 a prime number?
False
Is 65609 a composite number?
False
Is 57419 a composite number?
True
Is 366787 prime?
True
Is 895285 a prime number?
False
Is 1147 a prime number?
False
Is 30157 prime?
False
Is 1623667 prime?
True
Is 191 a composite number?
False
Is 64983 prime?
False
Is 332039 composite?
False
Is 6074 a composite number?
True
Is 245801 composite?
True
Is 19217 a composite number?
True
Is 122363 a prime number?
True
Is 541897 prime?
False
Is 281053 prime?
True
Is 25079 prime?
False
Is 419 a prime number?
True
Is 3737459 a composite number?
True
Is 3613 prime?
True
Is 1037351 a prime number?
False
Is 1789087 a prime number?
False
Is 446983 a composite number?
False
Is 9871 a prime number?
True
Is 55969 composite?
True
Is 161569 prime?
True
Is 226753 prime?
True
Is 1063307 composite?
True
Is 55069 composite?
True
Is 688474 a composite number?
True
Is 22241 prime?
False
Is 67702 a composite number?
True
Is 20563 prime?
True
Is 8731 composite?
False
Is 69413 prime?
False
Is 2893651 prime?
True
Is 25733 a composite number?
False
Is 437259 composite?
True
Is 864653 a prime number?
False
Is 6131 a composite number?
False
Is 346713 composite?
True
Is 6297 a composite number?
True
Is 96259 compos